remainder when 85785 is divided by 1059?
6
Calculate the remainder when 229306 is divided by 11465.
6
What is the remainder when 1220 is divided by 392?
44
What is the remainder when 566 is divided by 28?
6
Calculate the remainder when 876894 is divided by 175376.
14
Calculate the remainder when 76042 is divided by 1086.
22
Calculate the remainder when 1977 is divided by 1971.
6
Calculate the remainder when 1314 is divided by 395.
129
Calculate the remainder when 1078 is divided by 9.
7
Calculate the remainder when 5403 is divided by 895.
33
Calculate the remainder when 212817 is divided by 98.
59
What is the remainder when 32327 is divided by 11?
9
Calculate the remainder when 473118 is divided by 17.
8
Calculate the remainder when 1463090 is divided by 147.
146
Calculate the remainder when 323 is divided by 9.
8
What is the remainder when 38251 is divided by 479?
410
Calculate the remainder when 13336672 is divided by 47.
46
Calculate the remainder when 2004 is divided by 20.
4
What is the remainder when 8754 is divided by 1039?
442
Calculate the remainder when 1896 is divided by 407.
268
Calculate the remainder when 20031 is divided by 6670.
21
What is the remainder when 5205 is divided by 14?
11
What is the remainder when 399732 is divided by 199861?
10
What is the remainder when 23110 is divided by 3297?
31
What is the remainder when 6160 is divided by 220?
0
Calculate the remainder when 3128 is divided by 639.
572
What is the remainder when 39132 is divided by 13040?
12
Calculate the remainder when 345706 is divided by 2659.
36
What is the remainder when 114018 is divided by 11401?
8
What is the remainder when 3061 is divided by 496?
85
Calculate the remainder when 148115 is divided by 211.
204
Calculate the remainder when 714 is divided by 68.
34
What is the remainder when 4663 is divided by 146?
137
Calculate the remainder when 169582 is divided by 65.
62
Calculate the remainder when 33663 is divided by 82.
43
Calculate the remainder when 426 is divided by 77.
41
What is the remainder when 1757 is divided by 32?
29
What is the remainder when 6245 is divided by 190?
165
What is the remainder when 417647 is divided by 28?
27
Calculate the remainder when 3920 is divided by 2051.
1869
Calculate the remainder when 3999 is divided by 3967.
32
What is the remainder when 521 is divided by 27?
8
What is the remainder when 3187431 is divided by 19?
10
What is the remainder when 225522 is divided by 97?
94
What is the remainder when 1188 is divided by 175?
138
Calculate the remainder when 3042250 is divided by 306.
304
What is the remainder when 2169 is divided by 270?
9
Calculate the remainder when 15468 is divided by 7.
5
Calculate the remainder when 33692 is divided by 208.
204
What is the remainder when 34533 is divided by 34519?
14
Calculate the remainder when 1030 is divided by 194.
60
What is the remainder when 1901 is divided by 584?
149
What is the remainder when 15928 is divided by 994?
24
What is the remainder when 1840 is divided by 896?
48
What is the remainder when 3209 is divided by 1539?
131
What is the remainder when 46885 is divided by 616?
69
Calculate the remainder when 203825 is divided by 196.
181
What is the remainder when 2757 is divided by 92?
89
What is the remainder when 32400 is divided by 65?
30
Calculate the remainder when 1833 is divided by 306.
303
Calculate the remainder when 1818 is divided by 60.
18
Calculate the remainder when 396250 is divided by 1679.
6
Calculate the remainder when 29742 is divided by 187.
9
Calculate the remainder when 147 is divided by 57.
33
What is the remainder when 4256 is divided by 230?
116
What is the remainder when 1425 is divided by 1046?
379
What is the remainder when 2347170 is divided by 1479?
1476
Calculate the remainder when 1153295 is divided by 2720.
15
What is the remainder when 18856 is divided by 65?
6
What is the remainder when 2421 is divided by 2066?
355
What is the remainder when 95613 is divided by 20?
13
What is the remainder when 5284 is divided by 1076?
980
What is the remainder when 4382 is divided by 102?
98
What is the remainder when 5819 is divided by 47?
38
Calculate the remainder when 18565 is divided by 221.
1
Calculate the remainder when 17849 is divided by 5619.
992
What is the remainder when 34472 is divided by 1451?
1099
What is the remainder when 173373 is divided by 96?
93
What is the remainder when 39645 is divided by 177?
174
What is the remainder when 1267 is divided by 726?
541
What is the remainder when 600657 is divided by 20?
17
What is the remainder when 20670 is divided by 54?
42
Calculate the remainder when 57440 is divided by 19142.
14
Calculate the remainder when 3239 is divided by 753.
227
Calculate the remainder when 21405 is divided by 154.
153
What is the remainder when 3960682 is divided by 2366?
2364
What is the remainder when 5873 is divided by 370?
323
What is the remainder when 41951 is divided by 1498?
7
Calculate the remainder when 689975 is divided by 40.
15
What is the remainder when 23598 is divided by 231?
36
What is the remainder when 1329 is divided by 33?
9
What is the remainder when 252743 is divided by 99?
95
Calculate the remainder when 8546 is divided by 955.
906
What is the remainder when 3999 is divided by 3934?
65
Calculate the remainder when 83751 is divided by 27901.
48
What is the remainder when 37088 is divided by 4120?
8
Calculate the remainder when 1290 is divided by 644.
2
Calculate the remainder when 405810 is divided by 74.
68
What is the remainder when 648261 is divided by 77?
75
What is the remainder when 14733 is divided by 1360?
1133
Calculate the remainder when 7323 is divided by 8.
3
Calculate the remainder when 34358 is divided by 684.
158
Calculate the remainder when 6419 is divided by 495.
479
What is the remainder when 1300 is divided by 11?
2
What is the remainder when 1315 is divided by 360?
235
Calculate the remainder when 2716 is divided by 577.
408
Calculate the remainder when 1096 is divided by 60.
16
Calculate the remainder when 6480 is divided by 471.
357
What is the remainder when 41170 is divided by 39?
25
What is the remainder when 67314 is divided by 3?
0
Calculate the remainder when 2309 is divided by 458.
19
Calculate the remainder when 36596 is divided by 9125.
96
What is the remainder when 598 is divided by 152?
142
Calculate the remainder when 140641 is divided by 119.
102
What is the remainder when 34971 is divided by 1302?
1119
What is the remainder when 9866 is divided by 2464?
10
Calculate the remainder when 55316 is divided by 182.
170
Calculate the remainder when 64246 is divided by 50.
46
What is the remainder when 5927 is divided by 747?
698
Calculate the remainder when 102567 is divided by 390.
387
Calculate the remainder when 3245619 is divided by 23.
20
What is the remainder when 1351 is divided by 1348?
3
Calculate the remainder when 4230 is divided by 1369.
123
Calculate the remainder when 371 is divided by 16.
3
Calculate the remainder when 6533 is divided by 1967.
632
Calculate the remainder when 22280 is divided by 7414.
38
What is the remainder when 2718 is divided by 159?
15
Calculate the remainder when 42655 is divided by 2841.
40
What is the remainder when 6783 is divided by 265?
158
Calculate the remainder when 423 is divided by 66.
27
What is the remainder when 268719 is divided by 38387?
10
Calculate the remainder when 985 is divided by 19.
16
Calculate the remainder when 68578 is divided by 381.
379
What is the remainder when 709757 is divided by 709757?
0
What is the remainder when 35069 is divided by 142?
137
Calculate the remainder when 32842 is divided by 4.
2
Calculate the remainder when 23125 is divided by 1656.
1597
What is the remainder when 30034 is divided by 967?
57
Calculate the remainder when 5792 is divided by 1402.
184
What is the remainder when 366 is divided by 30?
6
Calculate the remainder when 20339 is divided by 29.
10
Calculate the remainder when 1482 is divided by 134.
8
Calculate the remainder when 1812 is divided by 13.
5
What is the remainder when 29 is divided by 7?
1
What is the remainder when 75600 is divided by 10?
0
Calculate the remainder when 573086 is divided by 289.
288
Calculate the remainder when 2303 is divided by 